2219 and 11?
11
What is the highest common divisor of 43930 and 139970?
10
Calculate the highest common divisor of 325105 and 2216280.
1265
What is the greatest common factor of 288209391 and 555?
111
Calculate the greatest common factor of 121692 and 144.
12
What is the highest common factor of 483 and 78029511?
21
Calculate the greatest common divisor of 280263 and 705.
3
Calculate the highest common divisor of 527502 and 426.
6
Calculate the greatest common factor of 96163 and 5343431.
113
What is the greatest common factor of 3625 and 33379?
29
What is the highest common factor of 9502 and 298804643?
4751
What is the highest common divisor of 10 and 8381710?
10
Calculate the greatest common divisor of 3581427 and 122163.
129
What is the highest common divisor of 1005 and 352245?
15
Calculate the highest common divisor of 415999082 and 142.
142
Calculate the greatest common factor of 43 and 200507581.
43
Calculate the greatest common divisor of 1065730 and 4318.
34
Calculate the highest common factor of 1281538221 and 2481.
2481
What is the greatest common divisor of 1174352 and 6992?
304
Calculate the highest common factor of 5001 and 293040263.
1667
What is the greatest common factor of 340614 and 33674?
298
Calculate the greatest common factor of 86 and 108910142.
86
What is the highest common divisor of 22179 and 723?
3
What is the greatest common divisor of 4186 and 2123912?
322
Calculate the highest common divisor of 1308318 and 7568.
946
What is the greatest common divisor of 64491 and 2151957?
111
Calculate the highest common divisor of 1460286 and 201438.
558
Calculate the highest common divisor of 6 and 53027526.
6
Calculate the greatest common factor of 30 and 9866790.
30
What is the greatest common factor of 303222 and 1755249?
1563
What is the highest common divisor of 556937 and 561?
17
Calculate the greatest common divisor of 24810176 and 80.
16
Calculate the greatest common divisor of 1304461638 and 108.
54
Calculate the highest common factor of 25794 and 45666.
18
What is the greatest common divisor of 12468860 and 3810?
1270
Calculate the highest common factor of 19 and 12004846.
19
Calculate the greatest common factor of 1390 and 43233448.
278
What is the highest common divisor of 784 and 37973712?
112
Calculate the greatest common divisor of 4347 and 235359.
621
Calculate the highest common factor of 3071920 and 1672.
152
What is the highest common divisor of 3195 and 796833?
639
What is the highest common divisor of 1350 and 2856800?
50
Calculate the greatest common factor of 73158588 and 7866.
342
What is the greatest common divisor of 1655 and 54255?
5
What is the highest common factor of 675339370 and 10?
10
Calculate the greatest common divisor of 6773523 and 1173.
69
Calculate the greatest common factor of 1475141 and 92.
1
Calculate the greatest common factor of 1982 and 129340.
2
Calculate the greatest common divisor of 17559224 and 344.
8
What is the greatest common factor of 1408278 and 294?
6
Calculate the highest common divisor of 777849928 and 1336.
1336
Calculate the highest common factor of 3274500 and 28490.
370
What is the greatest common divisor of 1867785 and 56165?
1195
Calculate the highest common divisor of 12050 and 1437354125.
6025
What is the greatest common divisor of 18662 and 837124?
2666
What is the greatest common factor of 9495 and 86895?
45
What is the highest common divisor of 669 and 61773?
3
What is the highest common factor of 184687176 and 152?
8
What is the highest common factor of 16 and 224601296?
16
Calculate the highest common factor of 13625 and 332425.
25
Calculate the greatest common divisor of 111340 and 4370.
190
Calculate the highest common divisor of 83052 and 21928804.
3076
Calculate the greatest common divisor of 98194 and 2342.
2
What is the greatest common factor of 225 and 293175?
225
Calculate the highest common divisor of 2855472 and 25650.
114
Calculate the greatest common divisor of 5903382 and 36648.
3054
What is the highest common factor of 245250 and 5913?
9
Calculate the highest common divisor of 2285568 and 1584.
144
Calculate the highest common divisor of 3585080 and 1160.
40
Calculate the highest common factor of 41 and 46491417.
41
Calculate the highest common divisor of 36 and 3680244.
36
What is the greatest common factor of 654 and 3087207?
327
What is the greatest common factor of 5213948830 and 10930?
10930
Calculate the greatest common factor of 2398639 and 356.
89
Calculate the greatest common factor of 24414 and 3280866.
1878
Calculate the greatest common divisor of 447 and 500769.
3
Calculate the highest common factor of 102051 and 198237.
1173
Calculate the highest common divisor of 192324290 and 10.
10
What is the greatest common factor of 10918936 and 280?
56
Calculate the highest common divisor of 12952 and 67304.
8
Calculate the greatest common divisor of 4650 and 285510.
930
Calculate the greatest common factor of 1352 and 1137728.
8
Calculate the highest common divisor of 195417501 and 723.
723
What is the highest common divisor of 537 and 680913?
3
Calculate the greatest common divisor of 842 and 796344.
2
Calculate the greatest common divisor of 37612608 and 1408.
704
Calculate the greatest common divisor of 15975 and 563512800.
5325
Calculate the highest common factor of 2356644048 and 528.
528
What is the greatest common divisor of 2805496 and 25545?
131
What is the greatest common divisor of 180 and 36423828?
36
Calculate the greatest common factor of 688408765 and 470.
235
Calculate the greatest common factor of 511110 and 1935.
45
Calculate the highest common factor of 1939266 and 2604.
42
Calculate the highest common divisor of 73440 and 1772250.
510
What is the greatest common factor of 8 and 20832760?
8
Calculate the greatest common factor of 48 and 525374.
2
What is the greatest common factor of 17181 and 29067264?
747
What is the greatest common factor of 105223896 and 9108?
828
What is the greatest common factor of 26 and 31607862?
26
Calculate the greatest common factor of 23 and 2596171.
23
What is the greatest common factor of 2870 and 170599975?
1435
Calculate the highest common factor of 11396686 and 42.
14
Calculate the greatest common divisor of 7606800 and 4177401.
6339
What is the highest common divisor of 1328732292 and 241?
241
Calculate the greatest common divisor of 24 and 2936364.
12
Calculate the highest common factor of 12952552 and 40.
8
Calculate the greatest common divisor of 162229 and 1.
1
Calculate the greatest common factor of 15360 and 18393840.
240
Calculate the greatest common divisor of 102252 and 6756.
12
Calculate the greatest common divisor of 10179756 and 729.
729
What is the highest common factor of 750954259 and 11?
11
What is the highest common divisor of 188136 and 42432?
312
What is the highest common divisor of 6972 and 75371968?
2324
What is the highest common divisor of 25223040 and 21402?
522
Calculate the greatest common factor of 189151930 and 878.
878
What is the highest common factor of 6117143 and 16893?
1877
Calculate the highest common factor of 5728 and 138224.
16
What is the greatest common divisor of 9758 and 426277?
41
Calculate the highest common factor of 40016364 and 3948.
564
What is the greatest common factor of 1796197 and 5798?
13
What is the highest common factor of 24731 and 111777054?
3533
Calculate the greatest common factor of 3933 and 1309482.
207
What is the highest common divisor of 210 and 144540?
30
Calculate the greatest common factor of 806 and 19205647.
31
What is the highest common factor of 708069 and 75?
3
Calculate the highest common factor of 1870 and 10159105.
55
What is the greatest common divisor of 424 and 41266118?
106
Calculate the highest common divisor of 29394 and 37122.
138
What is the highest common divisor of 6259780 and 310?
10
What is the highest common divisor of 3573589 and 115848?
1609
Calculate the highest common factor of 49002792 and 72.
24
What is the greatest common divisor of 5034 and 212154574?
1678
What is the highest common divisor of 1647 and 89316?
27
What is the highest common factor of 647555644 and 7828?
7828
What is the highest common divisor of 168 and 1524728?
8
What is the greatest common factor of 272538947 and 7